{"id":384,"date":"2026-01-07T11:20:09","date_gmt":"2026-01-07T14:20:09","guid":{"rendered":"https:\/\/loopindustrial.com.br\/?post_type=product&#038;p=384"},"modified":"2026-01-07T11:28:06","modified_gmt":"2026-01-07T14:28:06","slug":"chicote-de-escareacao-loop","status":"publish","type":"product","link":"https:\/\/loopindustrial.com.br\/index.php\/produto\/chicote-de-escareacao-loop\/","title":{"rendered":"CHICOTE DE ESCAREA\u00c7\u00c3O LOOP"},"content":{"rendered":"<p style=\"font-weight: 400;\">Esmeril De Chicote Alma 1\/2 X 2M Caneta Engate Rapido 5\/8 Monof\u00e1sico ou Trif\u00e1sico-<\/p>\n<p>Constru\u00eddas para servi\u00e7os\u00a0 de rebarba\u00e7\u00e3o, lixamento, escaria\u00e7\u00e3o ou qualquer outra aplica\u00e7\u00e3o onde sejam requeridos um melhor poder de remo\u00e7\u00e3o e\u00a0 acabamento com qualidade.<\/p>\n<p><strong>Informa\u00e7\u00f5es T\u00e9cnicas:<\/strong><\/p>\n<p style=\"font-weight: 400;\"><strong>&#8211; Motor:<\/strong>\u00a0 Monof\u00e1sico ou Trif\u00e1sico\u00a0 1.5cv &#8211;<br \/>\n<strong>&#8211; Rota\u00e7\u00e3o:<\/strong>\u00a0 \u00a03450 rpm<br \/>\n<strong>&#8211; Eixo flex\u00edvel:<\/strong>\u00a0 5\/8\u201d, 2m<br \/>\n<strong>&#8211; Caneta :<\/strong> 5\/8\u201d,<br \/>\n<strong>&#8211; Com base m\u00f3vel<\/strong><\/p>\n","protected":false},"excerpt":{"rendered":"<p>Esmeril De Chicote Alma 1\/2 X 2M Caneta Engate Rapido 5\/8 Monof\u00e1sico ou Trif\u00e1sico- Constru\u00eddas para servi\u00e7os\u00a0 de rebarba\u00e7\u00e3o, lixamento, escaria\u00e7\u00e3o ou qualquer outra aplica\u00e7\u00e3o onde sejam requeridos um melhor poder de remo\u00e7\u00e3o e\u00a0 acabamento com qualidade. Informa\u00e7\u00f5es T\u00e9cnicas: &#8211; Motor:\u00a0 Monof\u00e1sico ou Trif\u00e1sico\u00a0 1.5cv &#8211; &#8211; Rota\u00e7\u00e3o:\u00a0 \u00a03450 rpm &#8211; Eixo flex\u00edvel:\u00a0 5\/8\u201d, 2m [&hellip;]<\/p>\n","protected":false},"featured_media":220,"comment_status":"closed","ping_status":"closed","template":"","meta":[],"product_brand":[],"product_cat":[17],"product_tag":[],"class_list":{"0":"post-384","1":"product","2":"type-product","3":"status-publish","4":"has-post-thumbnail","6":"product_cat-borracharia","8":"first","9":"instock","10":"shipping-taxable","11":"product-type-simple"},"_links":{"self":[{"href":"https:\/\/loopindustrial.com.br\/index.php\/wp-json\/wp\/v2\/product\/384","targetHints":{"allow":["GET"]}}],"collection":[{"href":"https:\/\/loopindustrial.com.br\/index.php\/wp-json\/wp\/v2\/product"}],"about":[{"href":"https:\/\/loopindustrial.com.br\/index.php\/wp-json\/wp\/v2\/types\/product"}],"replies":[{"embeddable":true,"href":"https:\/\/loopindustrial.com.br\/index.php\/wp-json\/wp\/v2\/comments?post=384"}],"wp:featuredmedia":[{"embeddable":true,"href":"https:\/\/loopindustrial.com.br\/index.php\/wp-json\/wp\/v2\/media\/220"}],"wp:attachment":[{"href":"https:\/\/loopindustrial.com.br\/index.php\/wp-json\/wp\/v2\/media?parent=384"}],"wp:term":[{"taxonomy":"product_brand","embeddable":true,"href":"https:\/\/loopindustrial.com.br\/index.php\/wp-json\/wp\/v2\/product_brand?post=384"},{"taxonomy":"product_cat","embeddable":true,"href":"https:\/\/loopindustrial.com.br\/index.php\/wp-json\/wp\/v2\/product_cat?post=384"},{"taxonomy":"product_tag","embeddable":true,"href":"https:\/\/loopindustrial.com.br\/index.php\/wp-json\/wp\/v2\/product_tag?post=384"}],"curies":[{"name":"wp","href":"https:\/\/api.w.org\/{rel}","templated":true}]}}